 20*v = 6*v + k. What is the tens digit of v?
8
Let b = -1697 + 1085. Let h = b + 1208. Suppose 4*a = -3*n + 447, -6*a = 4*n - 2*a - h. What is the units digit of n?
9
Suppose -s - 804 = 4*z, 5*s - 12 = 8*s. Let m = z + 275. What is the units digit of m?
5
Let f(z) = z**3 - 20*z**2 - 43*z - 19. Let y be f(22). Suppose o - 1278 = -4*d, -y*o - 1604 = -5*d - o. What is the units digit of d?
0
Suppose 0 = 21*j - 53986 - 57251. Suppose -11*x = -j - 5450. What is the tens digit of x?
7
Suppose 26*a - 27*a + 1 = 2*f, -3*a - 2*f + 11 = 0. Suppose -5*t - 485 = -x, 2*x + 3*t - 962 = a*t. What is the units digit of x?
0
Suppose -17*l = -10*l. Suppose l = 12*s + 244 - 2200. What is the tens digit of s?
6
Let d(f) = -4989*f - 7953. What is the units digit of d(-8)?
9
Let u = 199 + -198. What is the units digit of 8/28*(u - -3310)?
6
Let t = -20344 - -26195. What is the tens digit of t?
5
Suppose 0 = -3*d + 3*a + 27666, -2*d + 1721 = 5*a - 16737. What is the thousands digit of d?
9
Suppose 3*n = 5*n + 88. Let r = 279 + -223. Let k = r - n. What is the units digit of k?
0
Suppose 2399 - 79 = 29*z. Suppose 277 + z = c. What is the units digit of c?
7
Let b(d) = 112*d + 5. Let o be b(4). Let j(p) = -p**3 - p**2 + 10*p + 29. Let x be j(-4). Suppose -x*u = -34*u - o. What is the tens digit of u?
5
Let d(b) be the first derivative of -3*b**4/4 - b**3 + 5*b**2/2 + b + 1987. Let y be 2/6 - (-13)/(-3). What is the units digit of d(y)?
5
Suppose -23*j = -24*j + 89. Let z = 94 - j. Suppose 4 + 0 = u + z*w, 0 = -5*u + 4*w + 136. What is the tens digit of u?
2
Suppose 71*c - 42*c - 301223 = 0. What is the tens digit of c?
8
Let u = 37999 - 21669. What is the ten thousands digit of u?
1
Let k be -126*6/(-15)*-5*-1. Suppose k = -13*l + 25*l. What is the units digit of l?
1
Let m = -146 - -145. Let a be (143 - m)/((-12)/(-16)). What is the tens digit of (-15)/2*a/(-20)?
7
What is the tens digit of 11966/(-186)*81/(-3)?
3
Let i(q) = 30*q**2 - 4. Let y be i(3). Suppose 0 = 4*x - 2 - y. Suppose 5*w - 4*w - x = 0. What is the units digit of w?
7
Let h = 13383 - 6903. What is the units digit of h?
0
Let b be 808 + 3 + -1 + 4. Suppose 4*s + 2*u - b = -3*u, 0 = -s + 4*u + 214. Suppose 2*j = 4*w + s, -5*j + 70 = 2*w - 457. What is the tens digit of j?
0
Let n be (5 + -11)/(-2) - -8. Let t = 903 - -59. Suppose n*w + 2*w - t = 0. What is the tens digit of w?
7
Suppose -2*h + q = 7, 0*h - 5*h - 50 = 4*q. Let v(d) = d**2 + d + 1. Let o(j) = -j**3 - j**2 - j - 1. Let u(w) = o(w) - 5*v(w). What is the units digit of u(h)?
0
Let n(k) = 70*k**2 + 5*k + 6. Let u(g) = 23*g**2 + g + 2. Let d(w) = -2*n(w) + 7*u(w). What is the units digit of d(-2)?
2
Let u(m) = -12*m**2 - 14*m - 10 + 14*m**2 + 15*m - 2*m**3. What is the hundreds digit of u(-5)?
2
Suppose -134272 = 56*m - 1066784. What is the ten thousands digit of m?
1
Let b(j) = 11*j - 6. Let g = -120 + 121. Let q be b(g). Suppose -318 = -3*y - 2*o + 456, 516 = 2*y - q*o. What is the tens digit of y?
5
Let k be ((-15)/(-2))/3 - (-9)/18. Let r(h) be the third derivative of 3*h**5/20 - h**4/6 + h**3/3 - 8*h**2. What is the tens digit of r(k)?
7
Let f = 76 + -466. Let q = -329 - f. What is the tens digit of q?
6
Let h = -73 - -78. Let y be (-1)/6 + ((-55)/(-6) - h). Suppose y*v = 2*g + 158, -v - 4*g - 6 = -50. What is the tens digit of v?
4
Let v(a) = -a**3 - 13*a**2 - 15*a - 16. Let p be v(-12). Suppose -z = u - 154, 4*z + p = -z. What is the units digit of u?
8
What is the ten thousands digit of (-190)/19 - (10 - 5 - 13024)?
1
Suppose 33 = -19*g + 8*g. Let o be (-111)/g - 2/(6/(-3)). What is the tens digit of o/((-21)/6 + 4)?
7
Suppose -3*t - 2*q = -88198 - 20845, -36378 = -t - 5*q. What is the units digit of t?
3
Let v(g) = -2*g**2 - 22*g - 6. Let j be v(-13). Let d = j - -62. Suppose -2*b = d*h - 268, 6*b - 292 = 4*b + 2*h. What is the units digit of b?
2
Let f = -66 - -71. Suppose 3*y - 4*y + 29 = -5*k, -f*k - 25 = 0. Suppose 0 = -y*q - 8, 5*s + 3*q - 171 = q. What is the tens digit of s?
3
Let h(l) = 21*l**2 - 9*l + 2. Suppose 0 = -5*u + 36*r - 34*r + 7, 2 = 2*u - r. What is the tens digit of h(u)?
6
What is the tens digit of (-1 + 3)/(-2) - (-2 + (-16455 - -2))?
5
Let l be (2 + (-6)/4)*8. Suppose 3*s = 3*o - 40 + 136, -3*s - 4*o + 61 = 0. Suppose -l*d + 8 = 0, -4*d + s = 3*z - 176. What is the tens digit of z?
6
Let s = 9457 + -6893. What is the tens digit of s?
6
Let f = 149 + 23. Let d = -138 + f. What is the units digit of d?
4
Suppose l - 3*k + 6 = -k, -l - 3*k = -19. Suppose 973 = 3*x + 5*f, 4*f = -l*x - f + 1294. Let u = x + -228. What is the units digit of u?
3
Let w = -750 - -1260. What is the units digit of w/50*70/(4 - 2)?
7
Suppose -2*k - 1586 = -b - 3*k, -3*k = 4*b - 6347. Let u = -790 + b. What is the hundreds digit of u?
7
Let s(q) = -4*q**2 - q - 9. Let p(o) = -o**2 + 4*o - 7. Let w be p(4). Let b be s(w). Let y = 354 + b. What is the units digit of y?
6
Let b = -315 + 367. Suppose -b = -6*i + 578. What is the units digit of i?
5
Let u(j) = -j + 4. Let h be u(-6). Let s(p) = 42*p - 25. Let w be s(h). Suppose -3*c + 8*c - w = 0. What is the units digit of c?
9
Suppose -2869*q = -2930*q + 8897 + 329165. What is the thousands digit of q?
5
What is the tens digit of 1358/1 + (-249 - -249)?
5
Suppose -u + 10 - 4 = 5*t, u = -3*t - 4. Let x = u + 28. What is the units digit of x?
9
Let r(y) = 15*y + 8. Let p(g) = 14*g + 12. Let z(t) = 1. Let m(i) = p(i) - 5*z(i). Let u(n) = -4*m(n) + 3*r(n). What is the tens digit of u(-6)?
6
What is the thousands digit of ((3291/6)/(20/(-200)))/(-1)?
5
Let x be (534/24*-9)/((-3)/(-8)). Let z = 990 + x. What is the units digit of z?
6
Suppose -1 - 11 = -3*k. Suppose k = 5*r - 11. Suppose -4*m + 69 = -r*m. What is the units digit of m?
9
Suppose -8*l + 153 = l. Suppose 4*z - l = 3*r, -4*z = -4*r - 20 - 0. What is the tens digit of 2022/18 - z/(-3)?
1
Suppose -s = -6*m + 10*m - 10412, -10412 = -4*m + 4*s. What is the tens digit of m?
0
Let o(x) = 27*x - 6. Let z be o(1). Let c be (-12)/(-28) - 1444/(-28). Let s = c - z. What is the tens digit of s?
3
Let h be 23*36 + 108/27. Let f = h + -662. What is the hundreds digit of f?
1
Suppose 3*c - 140 = z - 33, 5*c = 2*z + 180. Suppose 0 = -5*w - c + 14. What is the units digit of (1 - (-5)/w)*-236?
9
Let u be 2320/(-14) - ((-28)/(-49))/2. Let d = u - -612. What is the hundreds digit of d?
4
Suppose 2*h = 3*d - 7, -5*d = -h - 5 - 2. What is the tens digit of (8 + -1 - -1344) + h?
4
Suppose 104752 = 11*f - 259879 - 33074. What is the units digit of f?
5
Suppose -2*a = -3*l - 0 - 26, 3*a = -5*l + 1. What is the hundreds digit of (55/10 - a)*-634?
9
Let g be 26 + -3 - (4/(-4) - -4). Suppose 22*z = g*z + 440. What is the hundreds digit of z?
2
Let w(z) = 8*z**2 + 12*z + 19. Let m(b) = -b**2 + 12*b - 38. Let r be m(4). What is the hundreds digit of w(r)?
2
Let i(s) = 11*s**2 - 40*s - 1009. What is the units digit of i(-29)?
2
Let o = -1637 - -1887. Let k be 2/(2*(-2)/(-3440)). Suppose k = 10*x - o. What is the units digit of x?
7
Suppose 56*k = 63*k - 1113. Let p = k + -107. What is the tens digit of p?
5
Let x(j) = -4 + 11*j**2 + 6 - j**3 - 2*j - 4. Suppose -7*r = -g - 4, -3*g = -2*g - r - 8. What is the units digit of x(g)?
8
Suppose c + 19351 = 4*q, 4*c - 17113 - 2243 = -4*q. What is the hundreds digit of q?
8
Suppose -986 = o + 5*b, -9 = -4*b - 21. Let a = 1622 + o. What is the units digit of a?
1
Let y be (0 - 0)/(4 - (0 + 5)). Suppose -6391 = -7*r - y*r. What is the hundreds digit of r?
9
Suppose 0 = 7*g - 175 - 343. Suppose -g = -14*z + 20114. What is the tens digit of z?
4
Suppose -5 = n, 30*s - 33*s = -5*n - 313. Suppose -5*r - 2*j = -123, -2*j + 3*j - s = -4*r. What is the tens digit of r?
2
What is the thousands digit of ((-3)/6)/(6092834/338492 + -18)?
7
Suppose -6*n + 0*n + 13800 = 0. Suppose -z + 722 + 205 = 2*f, -5*f + z = -n. What is the tens digit of f?
6
Let l(q) = -644*q + 901. What is the tens digit of l(-12)?
2
Let z(o) = -o**2 - 127*o - 69. What is the tens digit of z(-109)?
9
Let v = 376 + -1066. Let l = -457 - v. What is the tens digit of l?
3
Suppose 30*f - 23*f = 196. Suppose -f = 7*x + 63. Let r = 54 - x. What is the tens digit of r?
6
Suppose p + m = 1898 + 1383, -5*p + 16419 = -2*m. What is the hundreds digit of p?
2
Let b be 